{"id":2334,"date":"2026-04-24T05:50:37","date_gmt":"2026-04-24T03:50:37","guid":{"rendered":"https:\/\/auditoriolavallduixo.es\/cookies\/"},"modified":"2026-04-24T05:51:59","modified_gmt":"2026-04-24T03:51:59","slug":"cookies","status":"publish","type":"page","link":"https:\/\/auditoriolavallduixo.es\/es\/cookies\/","title":{"rendered":"Cookies"},"content":{"rendered":"\n<h1 class=\"wp-block-heading\"><strong>Pol\u00edtica de Galetes (Cookies)<\/strong><\/h1>\n\n<h2 class=\"wp-block-heading\"><strong>Qu\u00e8 s\u00f3n les galetes?<\/strong><\/h2>\n\n<p>Les galetes s\u00f3n petits arxius que s\u2019instal\u00b7len al navegador o al dispositiu de l\u2019usuari (ordinador, tauleta, tel\u00e8fon intel\u00b7ligent, etc.) i permeten, entre altres coses:<\/p>\n\n<ul class=\"wp-block-list\">\n<li>Personalitzar els serveis del lloc web<\/li>\n\n\n\n<li>Facilitar la navegaci\u00f3 i la usabilitat<\/li>\n\n\n\n<li>Obtenir informaci\u00f3 estad\u00edstica agregada<\/li>\n\n\n\n<li>Permetre la reproducci\u00f3 de continguts multim\u00e8dia<\/li>\n\n\n\n<li>Habilitar elements interactius i de seguretat<\/li>\n<\/ul>\n\n<hr class=\"wp-block-separator has-alpha-channel-opacity\"\/>\n\n<h2 class=\"wp-block-heading\"><strong>Definicions<\/strong><\/h2>\n\n<ul class=\"wp-block-list\">\n<li><strong>Dada<\/strong>: Informaci\u00f3 obtinguda del dispositiu de l\u2019usuari. Ser\u00e0 dada personal quan permeti identificar una persona. <\/li>\n\n\n\n<li><strong>Informaci\u00f3 agregada<\/strong>: Informaci\u00f3 estad\u00edstica no identificativa.<\/li>\n\n\n\n<li><strong>Equip terminal<\/strong>: Dispositiu des del qual s\u2019accedeix al lloc web.<\/li>\n\n\n\n<li><strong>Editor<\/strong>: Titular del lloc web.<\/li>\n\n\n\n<li><strong>Tercer<\/strong>: Entitat externa que tracta dades a trav\u00e9s de galetes.<\/li>\n\n\n\n<li><strong>Responsable de la galeta<\/strong>: L\u2019editor o el tercer.<\/li>\n\n\n\n<li><strong>H\u00e0bits de navegaci\u00f3<\/strong>: Comportament de l\u2019usuari en navegar pel lloc web.<\/li>\n<\/ul>\n\n<hr class=\"wp-block-separator has-alpha-channel-opacity\"\/>\n\n<h2 class=\"wp-block-heading\"><strong>Tipus de galetes<\/strong><\/h2>\n\n<h3 class=\"wp-block-heading\"><strong>Segons qui les gestioni<\/strong><\/h3>\n\n<ul class=\"wp-block-list\">\n<li><strong>Galetes pr\u00f2pies<\/strong>: Enviades des del mateix domini de l\u2019editor.<\/li>\n\n\n\n<li><strong>Galetes de tercers<\/strong>: Enviades des de dominis externs.<\/li>\n<\/ul>\n\n<h3 class=\"wp-block-heading\"><strong>Segons la seva durada<\/strong><\/h3>\n\n<ul class=\"wp-block-list\">\n<li><strong>Galetes de sessi\u00f3<\/strong>: S\u2019eliminen en tancar el navegador.<\/li>\n\n\n\n<li><strong>Galetes persistents<\/strong>: Romanen durant un temps definit.<\/li>\n<\/ul>\n\n<h3 class=\"wp-block-heading\"><strong>Segons la seva finalitat<\/strong><\/h3>\n\n<ul class=\"wp-block-list\">\n<li><strong>Galetes t\u00e8cniques<\/strong>: Necess\u00e0ries per al funcionament del lloc web.<\/li>\n\n\n\n<li><strong>Galetes de prefer\u00e8ncies o personalitzaci\u00f3<\/strong>: Guarden configuracions de l\u2019usuari.<\/li>\n\n\n\n<li><strong>Galetes d\u2019an\u00e0lisi o mesura<\/strong>: Analitzen l\u2019\u00fas del lloc web.<\/li>\n\n\n\n<li><strong>Galetes publicit\u00e0ries<\/strong>: Gestionen espais publicitaris.<\/li>\n\n\n\n<li><strong>Galetes de publicitat comportamental<\/strong>: Mostren publicitat segons els h\u00e0bits de navegaci\u00f3.<\/li>\n<\/ul>\n\n<hr class=\"wp-block-separator has-alpha-channel-opacity\"\/>\n\n<h2 class=\"wp-block-heading\"><strong>Quines galetes utilitza aquest lloc web?<\/strong><\/h2>\n\n<p>Aquest lloc web utilitza galetes d\u2019anal\u00edtica per mesurar i analitzar la navegaci\u00f3 dels usuaris.<\/p>\n\n<p>Aquestes galetes permeten con\u00e8ixer:<\/p>\n\n<ul class=\"wp-block-list\">\n<li>Nombre d\u2019usuaris i visites<\/li>\n\n\n\n<li>P\u00e0gines vistes<\/li>\n\n\n\n<li>Temps de navegaci\u00f3<\/li>\n\n\n\n<li>Navegador, idioma, dispositiu i ubicaci\u00f3 aproximada<\/li>\n<\/ul>\n\n<p>No s\u2019obt\u00e9 informaci\u00f3 personal identificable.<\/p>\n\n<p>Les galetes utilitzades s\u00f3n:<\/p>\n\n<ul class=\"wp-block-list\">\n<li>__utma (2 anys)<\/li>\n\n\n\n<li>__utmt (10 minuts)<\/li>\n\n\n\n<li>__utmb (30 minuts)<\/li>\n\n\n\n<li>__utmc (fi de sessi\u00f3)<\/li>\n\n\n\n<li>__utmz (6 mesos)<\/li>\n\n\n\n<li>__utmv (2 anys)<\/li>\n<\/ul>\n\n<p>Aquestes galetes s\u00f3n gestionades per tercers (Google Analytics) i poden implicar transfer\u00e8ncies internacionals de dades.<\/p>\n\n<hr class=\"wp-block-separator has-alpha-channel-opacity\"\/>\n\n<h2 class=\"wp-block-heading\"><strong>Elaboraci\u00f3 de perfils<\/strong><\/h2>\n\n<p>No s\u2019elaboren perfils ni es prenen decisions automatitzades basades en aquestes dades.<\/p>\n\n<hr class=\"wp-block-separator has-alpha-channel-opacity\"\/>\n\n<h2 class=\"wp-block-heading\"><strong>Com desactivar les galetes?<\/strong><\/h2>\n\n<p>Pots configurar o rebutjar les galetes no necess\u00e0ries des del configurador de galetes del lloc web.<\/p>\n\n<p>Tamb\u00e9 pots eliminar-les des del teu navegador:<\/p>\n\n<ul class=\"wp-block-list\">\n<li>Chrome<\/li>\n\n\n\n<li>Firefox<\/li>\n\n\n\n<li>Safari<\/li>\n\n\n\n<li>Edge<\/li>\n\n\n\n<li>Opera<\/li>\n<\/ul>\n\n<p>En dispositius m\u00f2bils:<\/p>\n\n<ul class=\"wp-block-list\">\n<li>iOS<\/li>\n\n\n\n<li>Android<\/li>\n\n\n\n<li>Windows Phone<\/li>\n<\/ul>\n\n<p>Tingues en compte que desactivar les galetes pot afectar el funcionament correcte del lloc web.<\/p>\n\n<hr class=\"wp-block-separator has-alpha-channel-opacity\"\/>\n\n<h2 class=\"wp-block-heading\"><strong>Contacto<\/strong><\/h2>\n\n<p>Si tens qualsevol dubte sobre aquesta Pol\u00edtica de Galetes, pots contactar amb nosaltres a trav\u00e9s dels mitjans indicats al lloc web.<\/p>\n","protected":false},"excerpt":{"rendered":"<p>Pol\u00edtica de Galetes (Cookies) Qu\u00e8 s\u00f3n les galetes? Les galetes s\u00f3n petits arxius que s\u2019instal\u00b7len al navegador o al dispositiu de l\u2019usuari (ordinador, tauleta, tel\u00e8fon intel\u00b7ligent, etc.) i permeten, entre altres coses: Definicions Tipus de galetes Segons qui les gestioni Segons la seva durada Segons la seva finalitat Quines galetes utilitza aquest lloc web? Aquest [&hellip;]<\/p>\n","protected":false},"author":4,"featured_media":0,"parent":0,"menu_order":0,"comment_status":"closed","ping_status":"closed","template":"","meta":{"footnotes":""},"class_list":["post-2334","page","type-page","status-publish","hentry"],"_links":{"self":[{"href":"https:\/\/auditoriolavallduixo.es\/es\/wp-json\/wp\/v2\/pages\/2334","targetHints":{"allow":["GET"]}}],"collection":[{"href":"https:\/\/auditoriolavallduixo.es\/es\/wp-json\/wp\/v2\/pages"}],"about":[{"href":"https:\/\/auditoriolavallduixo.es\/es\/wp-json\/wp\/v2\/types\/page"}],"author":[{"embeddable":true,"href":"https:\/\/auditoriolavallduixo.es\/es\/wp-json\/wp\/v2\/users\/4"}],"replies":[{"embeddable":true,"href":"https:\/\/auditoriolavallduixo.es\/es\/wp-json\/wp\/v2\/comments?post=2334"}],"version-history":[{"count":1,"href":"https:\/\/auditoriolavallduixo.es\/es\/wp-json\/wp\/v2\/pages\/2334\/revisions"}],"predecessor-version":[{"id":2335,"href":"https:\/\/auditoriolavallduixo.es\/es\/wp-json\/wp\/v2\/pages\/2334\/revisions\/2335"}],"wp:attachment":[{"href":"https:\/\/auditoriolavallduixo.es\/es\/wp-json\/wp\/v2\/media?parent=2334"}],"curies":[{"name":"wp","href":"https:\/\/api.w.org\/{rel}","templated":true}]}}

<h1 class="wp-block-heading"><strong>Política de Galetes (Cookies)</strong></h1>

<h2 class="wp-block-heading"><strong>Què són les galetes?</strong></h2>

<p>Les galetes són petits arxius que s’instal·len al navegador o al dispositiu de l’usuari (ordinador, tauleta, telèfon intel·ligent, etc.) i permeten, entre altres coses:</p>

<ul class="wp-block-list">
<li>Personalitzar els serveis del lloc web</li>



<li>Facilitar la navegació i la usabilitat</li>



<li>Obtenir informació estadística agregada</li>



<li>Permetre la reproducció de continguts multimèdia</li>



<li>Habilitar elements interactius i de seguretat</li>
</ul>

<hr class="wp-block-separator has-alpha-channel-opacity"/>

<h2 class="wp-block-heading"><strong>Definicions</strong></h2>

<ul class="wp-block-list">
<li><strong>Dada</strong>: Informació obtinguda del dispositiu de l’usuari. Serà dada personal quan permeti identificar una persona. </li>



<li><strong>Informació agregada</strong>: Informació estadística no identificativa.</li>



<li><strong>Equip terminal</strong>: Dispositiu des del qual s’accedeix al lloc web.</li>



<li><strong>Editor</strong>: Titular del lloc web.</li>



<li><strong>Tercer</strong>: Entitat externa que tracta dades a través de galetes.</li>



<li><strong>Responsable de la galeta</strong>: L’editor o el tercer.</li>



<li><strong>Hàbits de navegació</strong>: Comportament de l’usuari en navegar pel lloc web.</li>
</ul>

<hr class="wp-block-separator has-alpha-channel-opacity"/>

<h2 class="wp-block-heading"><strong>Tipus de galetes</strong></h2>

<h3 class="wp-block-heading"><strong>Segons qui les gestioni</strong></h3>

<ul class="wp-block-list">
<li><strong>Galetes pròpies</strong>: Enviades des del mateix domini de l’editor.</li>



<li><strong>Galetes de tercers</strong>: Enviades des de dominis externs.</li>
</ul>

<h3 class="wp-block-heading"><strong>Segons la seva durada</strong></h3>

<ul class="wp-block-list">
<li><strong>Galetes de sessió</strong>: S’eliminen en tancar el navegador.</li>



<li><strong>Galetes persistents</strong>: Romanen durant un temps definit.</li>
</ul>

<h3 class="wp-block-heading"><strong>Segons la seva finalitat</strong></h3>

<ul class="wp-block-list">
<li><strong>Galetes tècniques</strong>: Necessàries per al funcionament del lloc web.</li>



<li><strong>Galetes de preferències o personalització</strong>: Guarden configuracions de l’usuari.</li>



<li><strong>Galetes d’anàlisi o mesura</strong>: Analitzen l’ús del lloc web.</li>



<li><strong>Galetes publicitàries</strong>: Gestionen espais publicitaris.</li>



<li><strong>Galetes de publicitat comportamental</strong>: Mostren publicitat segons els hàbits de navegació.</li>
</ul>

<hr class="wp-block-separator has-alpha-channel-opacity"/>

<h2 class="wp-block-heading"><strong>Quines galetes utilitza aquest lloc web?</strong></h2>

<p>Aquest lloc web utilitza galetes d’analítica per mesurar i analitzar la navegació dels usuaris.</p>

<p>Aquestes galetes permeten conèixer:</p>

<ul class="wp-block-list">
<li>Nombre d’usuaris i visites</li>



<li>Pàgines vistes</li>



<li>Temps de navegació</li>



<li>Navegador, idioma, dispositiu i ubicació aproximada</li>
</ul>

<p>No s’obté informació personal identificable.</p>

<p>Les galetes utilitzades són:</p>

<ul class="wp-block-list">
<li>__utma (2 anys)</li>



<li>__utmt (10 minuts)</li>



<li>__utmb (30 minuts)</li>



<li>__utmc (fi de sessió)</li>



<li>__utmz (6 mesos)</li>



<li>__utmv (2 anys)</li>
</ul>

<p>Aquestes galetes són gestionades per tercers (Google Analytics) i poden implicar transferències internacionals de dades.</p>

<hr class="wp-block-separator has-alpha-channel-opacity"/>

<h2 class="wp-block-heading"><strong>Elaboració de perfils</strong></h2>

<p>No s’elaboren perfils ni es prenen decisions automatitzades basades en aquestes dades.</p>

<hr class="wp-block-separator has-alpha-channel-opacity"/>

<h2 class="wp-block-heading"><strong>Com desactivar les galetes?</strong></h2>

<p>Pots configurar o rebutjar les galetes no necessàries des del configurador de galetes del lloc web.</p>

<p>També pots eliminar-les des del teu navegador:</p>

<ul class="wp-block-list">
<li>Chrome</li>



<li>Firefox</li>



<li>Safari</li>



<li>Edge</li>



<li>Opera</li>
</ul>

<p>En dispositius mòbils:</p>

<ul class="wp-block-list">
<li>iOS</li>



<li>Android</li>



<li>Windows Phone</li>
</ul>

<p>Tingues en compte que desactivar les galetes pot afectar el funcionament correcte del lloc web.</p>

<hr class="wp-block-separator has-alpha-channel-opacity"/>

<h2 class="wp-block-heading"><strong>Contacto</strong></h2>

<p>Si tens qualsevol dubte sobre aquesta Política de Galetes, pots contactar amb nosaltres a través dels mitjans indicats al lloc web.</p>

<p>Política de Galetes (Cookies) Què són les galetes? Les galetes són petits arxius que s’instal·len al navegador o al dispositiu de l’usuari (ordinador, tauleta, telèfon intel·ligent, etc.) i permeten, entre altres coses: Definicions Tipus de galetes Segons qui les gestioni Segons la seva durada Segons la seva finalitat Quines galetes utilitza aquest lloc web? Aquest [&hellip;]</p>
