{"id":2247,"date":"2026-04-23T18:25:47","date_gmt":"2026-04-23T16:25:47","guid":{"rendered":"https:\/\/auditoriolavallduixo.es\/programacio\/homenaje-mecano-me-cuesta-tanto-olvidarte\/"},"modified":"2026-04-23T18:25:47","modified_gmt":"2026-04-23T16:25:47","slug":"homenaje-mecano-me-cuesta-tanto-olvidarte","status":"publish","type":"eventos","link":"https:\/\/auditoriolavallduixo.es\/es\/programacio\/homenaje-mecano-me-cuesta-tanto-olvidarte\/","title":{"rendered":"HOMENAJE MECANO, Me cuesta tanto olvidarte"},"featured_media":2246,"template":"","meta":{"subtitulo":"Una reproducci\u00f3n en directo de Mecano tan fiel que sentir\u00e1s que la banda ha vuelto \u2014 en el coraz\u00f3n de La Vall d'Uix\u00f3.<br> <br> <br> <br> <br>","resumen_corto":"El homenaje m\u00e1s fiel a Mecano: sus canciones, su sonido y su magia, revividos en directo en tu escenario.<br>","video":"https:\/\/www.youtube.com\/watch?v=CSMmDBW7ld0","spotify":"","imagen_video":"https:\/\/auditoriolavallduixo.es\/wp-content\/uploads\/2026\/04\/mecano_poster.webp","sinopsis":"<p><em>Me cuesta tanto olvidarte es el homenaje en directo al grupo de pop espa\u00f1ol m\u00e1s importante de la historia.<br> Una producci\u00f3n dise\u00f1ada para recrear fielmente la m\u00fasica, la est\u00e9tica y la energ\u00eda de Mecano sobre el escenario \u2014 porque el objetivo es uno: hacerte sentir que la banda ha vuelto.<br><\/em><\/p>\n<p><em>Desde 'Hijo de la Luna' hasta 'Cruz de Navajas', cada canci\u00f3n es un viaje colectivo a los momentos que definieron una generaci\u00f3n.<br> Una noche para cantar, para emocionarse y para recordar que algunas melod\u00edas no se olvidan nunca.<br><\/em><\/p>\n<p><em>El pop que marc\u00f3 una \u00e9poca llega ahora a tu escenario, en La Vall d'Uix\u00f3.<br><\/em><\/p>\n","titulo_promo":"","promocion_activa":"","texto_libre":"","aviso_final":"<p>Informaci\u00f3n sobre el evento<br>Las entradas no admiten cambios o devoluciones. Compruebe su compra antes de efectuar el pago.<br><br><\/p>\n","estado_evento":"venda_activa","fecha_evento":1778961600},"categoria_evento":[40],"recinto":[42],"class_list":["post-2247","eventos","type-eventos","status-publish","has-post-thumbnail","hentry","categoria_evento-musica","recinto-auditorio-leopoldo-penarroja"],"_links":{"self":[{"href":"https:\/\/auditoriolavallduixo.es\/es\/wp-json\/wp\/v2\/eventos\/2247","targetHints":{"allow":["GET"]}}],"collection":[{"href":"https:\/\/auditoriolavallduixo.es\/es\/wp-json\/wp\/v2\/eventos"}],"about":[{"href":"https:\/\/auditoriolavallduixo.es\/es\/wp-json\/wp\/v2\/types\/eventos"}],"wp:featuredmedia":[{"embeddable":true,"href":"https:\/\/auditoriolavallduixo.es\/es\/wp-json\/wp\/v2\/media\/2246"}],"wp:attachment":[{"href":"https:\/\/auditoriolavallduixo.es\/es\/wp-json\/wp\/v2\/media?parent=2247"}],"wp:term":[{"taxonomy":"categoria_evento","embeddable":true,"href":"https:\/\/auditoriolavallduixo.es\/es\/wp-json\/wp\/v2\/categoria_evento?post=2247"},{"taxonomy":"recinto","embeddable":true,"href":"https:\/\/auditoriolavallduixo.es\/es\/wp-json\/wp\/v2\/recinto?post=2247"}],"curies":[{"name":"wp","href":"https:\/\/api.w.org\/{rel}","templated":true}]}}

Una reproducción en directo de Mecano tan fiel que sentirás que la banda ha vuelto — en el corazón de La Vall d'Uixó.<br> <br> <br> <br> <br>

El homenaje más fiel a Mecano: sus canciones, su sonido y su magia, revividos en directo en tu escenario.<br>

<p><em>Me cuesta tanto olvidarte es el homenaje en directo al grupo de pop español más importante de la historia.<br> Una producción diseñada para recrear fielmente la música, la estética y la energía de Mecano sobre el escenario — porque el objetivo es uno: hacerte sentir que la banda ha vuelto.<br></em></p>
<p><em>Desde 'Hijo de la Luna' hasta 'Cruz de Navajas', cada canción es un viaje colectivo a los momentos que definieron una generación.<br> Una noche para cantar, para emocionarse y para recordar que algunas melodías no se olvidan nunca.<br></em></p>
<p><em>El pop que marcó una época llega ahora a tu escenario, en La Vall d'Uixó.<br></em></p>

<p>Información sobre el evento<br>Las entradas no admiten cambios o devoluciones. Compruebe su compra antes de efectuar el pago.<br><br></p>
