{"id":2244,"date":"2026-04-23T18:21:35","date_gmt":"2026-04-23T16:21:35","guid":{"rendered":"https:\/\/auditoriolavallduixo.es\/programacio\/pasion-almodovar\/"},"modified":"2026-04-23T18:21:35","modified_gmt":"2026-04-23T16:21:35","slug":"pasion-almodovar","status":"publish","type":"eventos","link":"https:\/\/auditoriolavallduixo.es\/es\/programacio\/pasion-almodovar\/","title":{"rendered":"Pasi\u00f3n Almod\u00f3var"},"featured_media":2243,"template":"","meta":{"subtitulo":"Una noche en la que el cine y la m\u00fasica se funden: la voz de Pasi\u00f3n Vega y el jazz de Mois\u00e9s P. S\u00e1nchez engrandecen a Almod\u00f3var.","resumen_corto":"Pasi\u00f3n Vega interpreta en directo los temas m\u00e1s m\u00e1gicos del cine de Almod\u00f3var con el jazz \u00edntimo de Mois\u00e9s P. S\u00e1nchez Quartet.<br>","video":"https:\/\/www.youtube.com\/watch?v=8rMSaF17pKc","spotify":"","imagen_video":"https:\/\/auditoriolavallduixo.es\/wp-content\/uploads\/2026\/04\/pasion_almodovar_poster.webp","sinopsis":"<p><em>Pasi\u00f3n Almod\u00f3var es un homenaje \u00edntimo y luminoso al cineasta Pedro Almod\u00f3var.<br> Pasi\u00f3n Vega, una de las voces m\u00e1s poderosas de la m\u00fasica en espa\u00f1ol, recoge los temas que definieron d\u00e9cadas de cine: canciones que emocionan, que recuerdan y que unen.<br><\/em><\/p>\n<p><em>Acompa\u00f1ada por Mois\u00e9s P. S\u00e1nchez \u2014 uno de los pianistas de jazz m\u00e1s reconocidos del panorama actual \u2014 y su cuarteto, el espect\u00e1culo suma una puesta en escena pop art escogida por Joan Ant\u00f3n Rechi.<br> El resultado: una noche que es, a la vez, concierto, cine y homenaje.<br><\/em><\/p>\n<p><em>Una coproducci\u00f3n del Festival ClassicAnd y el Festival Castell de Peralada que llega ahora a tu escenario, en La Vall d'Uix\u00f3.<br><\/em><\/p>\n","titulo_promo":"","promocion_activa":"","texto_libre":"","aviso_final":"<div class=\"information-note-title\">Informaci\u00f3n sobre el evento<br><\/div>\n<div class=\"information-note-content\">Las entradas no admiten cambios o devoluciones. Compruebe su compra antes de efectuar el pago.<br><br><\/div>\n","estado_evento":"venda_activa","fecha_evento":1781379000},"categoria_evento":[40],"recinto":[42],"class_list":["post-2244","eventos","type-eventos","status-publish","has-post-thumbnail","hentry","categoria_evento-musica","recinto-auditorio-leopoldo-penarroja"],"_links":{"self":[{"href":"https:\/\/auditoriolavallduixo.es\/es\/wp-json\/wp\/v2\/eventos\/2244","targetHints":{"allow":["GET"]}}],"collection":[{"href":"https:\/\/auditoriolavallduixo.es\/es\/wp-json\/wp\/v2\/eventos"}],"about":[{"href":"https:\/\/auditoriolavallduixo.es\/es\/wp-json\/wp\/v2\/types\/eventos"}],"wp:featuredmedia":[{"embeddable":true,"href":"https:\/\/auditoriolavallduixo.es\/es\/wp-json\/wp\/v2\/media\/2243"}],"wp:attachment":[{"href":"https:\/\/auditoriolavallduixo.es\/es\/wp-json\/wp\/v2\/media?parent=2244"}],"wp:term":[{"taxonomy":"categoria_evento","embeddable":true,"href":"https:\/\/auditoriolavallduixo.es\/es\/wp-json\/wp\/v2\/categoria_evento?post=2244"},{"taxonomy":"recinto","embeddable":true,"href":"https:\/\/auditoriolavallduixo.es\/es\/wp-json\/wp\/v2\/recinto?post=2244"}],"curies":[{"name":"wp","href":"https:\/\/api.w.org\/{rel}","templated":true}]}}

Pasión Almodóvar

Una noche en la que el cine y la música se funden: la voz de Pasión Vega y el jazz de Moisés P. Sánchez engrandecen a Almodóvar.

Pasión Vega interpreta en directo los temas más mágicos del cine de Almodóvar con el jazz íntimo de Moisés P. Sánchez Quartet.<br>

<p><em>Pasión Almodóvar es un homenaje íntimo y luminoso al cineasta Pedro Almodóvar.<br> Pasión Vega, una de las voces más poderosas de la música en español, recoge los temas que definieron décadas de cine: canciones que emocionan, que recuerdan y que unen.<br></em></p>
<p><em>Acompañada por Moisés P. Sánchez — uno de los pianistas de jazz más reconocidos del panorama actual — y su cuarteto, el espectáculo suma una puesta en escena pop art escogida por Joan Antón Rechi.<br> El resultado: una noche que es, a la vez, concierto, cine y homenaje.<br></em></p>
<p><em>Una coproducción del Festival ClassicAnd y el Festival Castell de Peralada que llega ahora a tu escenario, en La Vall d'Uixó.<br></em></p>

<div class="information-note-title">Información sobre el evento<br></div>
<div class="information-note-content">Las entradas no admiten cambios o devoluciones. Compruebe su compra antes de efectuar el pago.<br><br></div>
