{"id":2241,"date":"2026-04-21T13:12:11","date_gmt":"2026-04-21T11:12:11","guid":{"rendered":"https:\/\/auditoriolavallduixo.es\/programacio\/queen-forever-tribute\/"},"modified":"2026-04-21T13:12:11","modified_gmt":"2026-04-21T11:12:11","slug":"queen-forever-tribute","status":"publish","type":"eventos","link":"https:\/\/auditoriolavallduixo.es\/es\/programacio\/queen-forever-tribute\/","title":{"rendered":"Queen Forever Tribute"},"featured_media":2240,"template":"","meta":{"subtitulo":"La magia, los himnos y la energ\u00eda de Freddie Mercury renacen en el coraz\u00f3n de La Vall d'Uix\u00f3.<br>","resumen_corto":"El homenaje definitivo a Queen: himnos, emoci\u00f3n y la potencia de Freddie Mercury en directo en tu escenario.<br>","video":"https:\/\/www.youtube.com\/watch?v=jrnRnEOFev4","spotify":"","imagen_video":"https:\/\/auditoriolavallduixo.es\/wp-content\/uploads\/2026\/04\/queen-forever-tribute-post.webp","sinopsis":"<p><em>Queen Forever Tribute regresa para ofrecer el espect\u00e1culo de homenaje m\u00e1s completo a la leyenda del rock. Una producci\u00f3n pensada hasta el \u00faltimo detalle: vocalistas de excepci\u00f3n, m\u00fasicos en directo y una puesta en escena que recrea la energ\u00eda inconfundible de Freddie Mercury sobre el escenario.<br><\/em><\/p>\n<p><em>Desde 'Bohemian Rhapsody' hasta 'We Will Rock You', cada canci\u00f3n es un viaje a los momentos m\u00e1s ic\u00f3nicos de la historia de la m\u00fasica rock.<br> Una noche en la que la letra se canta colectivamente, los coros se elevan y la sala entera se convierte en un solo sonido.<br><\/em><\/p>\n<p><em>Porque algunos artistas no se olvidan \u2014 se reviven.<br> Y ahora lo haces en tu escenario, en La Vall d'Uix\u00f3.<br><\/em><\/p>\n","titulo_promo":"","promocion_activa":"","texto_libre":"","aviso_final":"<div class=\"information-note-title\">Informaci\u00f3n sobre el evento<br><\/div>\n<div class=\"information-note-content\">Las entradas no admiten cambios o devoluciones. Compruebe su compra antes de efectuar el pago.<br><br><\/div>\n","estado_evento":"venda_activa","fecha_evento":1777143600},"categoria_evento":[40],"recinto":[42],"class_list":["post-2241","eventos","type-eventos","status-publish","has-post-thumbnail","hentry","categoria_evento-musica","recinto-auditorio-leopoldo-penarroja"],"_links":{"self":[{"href":"https:\/\/auditoriolavallduixo.es\/es\/wp-json\/wp\/v2\/eventos\/2241","targetHints":{"allow":["GET"]}}],"collection":[{"href":"https:\/\/auditoriolavallduixo.es\/es\/wp-json\/wp\/v2\/eventos"}],"about":[{"href":"https:\/\/auditoriolavallduixo.es\/es\/wp-json\/wp\/v2\/types\/eventos"}],"wp:featuredmedia":[{"embeddable":true,"href":"https:\/\/auditoriolavallduixo.es\/es\/wp-json\/wp\/v2\/media\/2240"}],"wp:attachment":[{"href":"https:\/\/auditoriolavallduixo.es\/es\/wp-json\/wp\/v2\/media?parent=2241"}],"wp:term":[{"taxonomy":"categoria_evento","embeddable":true,"href":"https:\/\/auditoriolavallduixo.es\/es\/wp-json\/wp\/v2\/categoria_evento?post=2241"},{"taxonomy":"recinto","embeddable":true,"href":"https:\/\/auditoriolavallduixo.es\/es\/wp-json\/wp\/v2\/recinto?post=2241"}],"curies":[{"name":"wp","href":"https:\/\/api.w.org\/{rel}","templated":true}]}}

La magia, los himnos y la energía de Freddie Mercury renacen en el corazón de La Vall d'Uixó.<br>

El homenaje definitivo a Queen: himnos, emoción y la potencia de Freddie Mercury en directo en tu escenario.<br>

<p><em>Queen Forever Tribute regresa para ofrecer el espectáculo de homenaje más completo a la leyenda del rock. Una producción pensada hasta el último detalle: vocalistas de excepción, músicos en directo y una puesta en escena que recrea la energía inconfundible de Freddie Mercury sobre el escenario.<br></em></p>
<p><em>Desde 'Bohemian Rhapsody' hasta 'We Will Rock You', cada canción es un viaje a los momentos más icónicos de la historia de la música rock.<br> Una noche en la que la letra se canta colectivamente, los coros se elevan y la sala entera se convierte en un solo sonido.<br></em></p>
<p><em>Porque algunos artistas no se olvidan — se reviven.<br> Y ahora lo haces en tu escenario, en La Vall d'Uixó.<br></em></p>

<div class="information-note-title">Información sobre el evento<br></div>
<div class="information-note-content">Las entradas no admiten cambios o devoluciones. Compruebe su compra antes de efectuar el pago.<br><br></div>
